est common factor of d and 24?
24
Let h(z) = -z**3 - 3*z**2 + 55*z + 536. Let j be h(0). What is the highest common factor of 48 and j?
8
Suppose -x - 5*n + 315 = 0, -6*n = -4*n - 8. Calculate the highest common factor of 413 and x.
59
Suppose 442 + 557 = 37*p. Calculate the greatest common factor of p and 36.
9
Let a be (-3)/(-27) - (-5390)/90. What is the highest common factor of a and 105?
15
Suppose 5*w = z - 15, 5*w - 47 = -5*z + 2*w. Let c be (75/z)/((-3)/(-16)). Suppose -c = -2*a - 0*a. Calculate the highest common divisor of a and 8.
4
Let z be -35 - -55 - (-1 - -1 - -4). Suppose 0 = -z*i + 11*i + 50. What is the highest common divisor of 70 and i?
10
Let v(y) = y**3 - 8*y**2 + 2*y + 1. Let w be v(8). Calculate the highest common divisor of 544 and w.
17
Suppose 25*g - 30*g + 250 = 0. What is the highest common factor of 550 and g?
50
Let r(b) = b**2 + 13*b - 134. Let y be r(-20). Calculate the greatest common divisor of y and 258.
6
Let g(c) = 2*c**2 + 11*c + 7. Let m be g(-6). Let l be (-1)/(-13)*-2 - (-210)/m. What is the highest common factor of 128 and l?
16
Suppose -5*u + 15 = -4*u + 3*p, -3*u = 3*p - 21. Suppose -u*c + 8 = 2. Let s be 1 + 1 + 2/c. What is the highest common factor of 33 and s?
3
Suppose 55*r - 59*r = 5*u - 307, 0 = -3*u - 3*r + 183. What is the highest common divisor of 7 and u?
7
Suppose 192 = -28*q + 1620. What is the highest common factor of 1020 and q?
51
Let u(w) = 5*w**2 + 3*w + 12. Let k be u(-3). Calculate the highest common factor of k and 60.
12
Let v(f) = f**3 + 6*f**2 + 10*f + 16. Let p = -60 - -56. Let o be v(p). Calculate the highest common divisor of o and 72.
8
Let r = -534 - -551. Let j be 51*7*(-1)/(-3). What is the highest common divisor of r and j?
17
Suppose 3*c = 5*c + 86. Let b = c - -60. Suppose 5*q - b + 2 = 0. Calculate the greatest common divisor of q and 6.
3
Suppose 2*i = -c - 4*c + 16, 9 = i + 3*c. Suppose 4 = -2*k, 2*k = -2*s + i*k + 24. Calculate the greatest common factor of 44 and s.
11
Let q(u) = u**3 + 10*u**2 + 5*u - 6. Let m be q(-9). Let r be 0 + (-224)/(-20) + (-20)/(-25). What is the greatest common divisor of m and r?
6
Let h = -24 - -40. Suppose 5*r + 3*c - 17 = -6, 2 = 4*r - c. Let z(p) = 25*p**3 - p**2 - p + 1. Let n be z(r). Calculate the greatest common divisor of h and n.
8
Suppose -1518 - 848 = -4*t - c, -2370 = -4*t + c. What is the highest common factor of t and 32?
16
Suppose -10*t - 3*a = -5*t - 400, 5*t - 2*a = 400. What is the greatest common divisor of t and 70?
10
Suppose 2*g - g - 24 = 0. Let l(s) = s**2 + 32. Let u be l(0). Let p = 4 + u. Calculate the greatest common factor of p and g.
12
Let a be 3 - 3 - (2 - 24). Let m(l) = 4 + 2*l - 6 + 2*l. Let s be m(6). Calculate the greatest common divisor of s and a.
22
Let u(b) = b**3 - 6*b**2 + 2*b - 33. Let i be u(7). What is the greatest common divisor of 40 and i?
10
Let v(o) = -39*o + 42. Let a be v(-15). Calculate the greatest common divisor of a and 57.
57
Let f = -27 - -47. Calculate the highest common factor of 4 and f.
4
Let o(n) = n**2 - 15*n - 94. Let f be o(28). What is the greatest common factor of f and 30?
30
Let d(b) = b**2 + 10*b. Let h be d(-12). Let p = 176 + -8. Calculate the highest common divisor of p and h.
24
Let j = -361 + 364. Calculate the greatest common divisor of j and 12.
3
Let f(q) = -q**3 - 9*q**2 + 10*q - q**3 + 15 + 0 + q**3. Suppose -u + 10 = -2*u. Let d be f(u). Calculate the greatest common factor of d and 105.
15
Let i(a) = -2*a - 2. Let q be i(2). Let o be (q/7)/(-3 - 1000/(-336)). What is the highest common divisor of 18 and o?
18
Suppose -5*p + 17*d = 16*d - 186, -3*d - 140 = -4*p. Calculate the greatest common divisor of 2 and p.
2
Let a = 3318 - 3212. Calculate the greatest common divisor of 10 and a.
2
Suppose -5*y = -134 - 1. Suppose -8*m = -11*m + y. Suppose 7*a = m*a - 6. Calculate the greatest common factor of 1 and a.
1
Suppose 20 = 6*j - 2*j. Suppose -p = 2*p + 3*i - 21, 33 = j*p + 3*i. Let z be 12 + ((-60)/45)/(4/18). What is the highest common factor of z and p?
6
Suppose -3*r + 15 = 0, r = 23*s - 24*s + 208. Calculate the greatest common divisor of 21 and s.
7
Let k(d) = d**2 + 4*d - 129. Let y be k(-14). What is the highest common divisor of 297 and y?
11
Suppose 0 = -2*b - 2*b + 88. Let y = 5 - -26. Let s = y - b. Calculate the greatest common factor of s and 45.
9
Let v(z) = -9*z**3 + 4*z**2 - 40*z - 135. Let o be v(-3). What is the highest common divisor of o and 330?
66
Let v(c) = c**3 - c + 2. Let q be v(0). Suppose -q*u - 4 = -3*b, -b = b - u - 2. Suppose 7*i - 3*i - 48 = b. Calculate the greatest common divisor of i and 4.
4
Suppose -3*s + 2*s + 54 = 0. Let j = 125 + 10. Calculate the greatest common factor of j and s.
27
Let n(f) = 9*f + 215. Let l be n(15). What is the highest common factor of l and 14?
14
Let u = 118 - 116. Suppose -4*s + u = -14. What is the highest common factor of 16 and s?
4
Let v = -178 - -242. Calculate the greatest common factor of 16 and v.
16
Let f = -21 - -19. Let b be 2*((-27)/f + 4). Let u(q) = -q**2 + 8*q. Let y be u(7). What is the greatest common factor of y and b?
7
Suppose 0 = z + 10 - 16. Suppose -4*c + r = -z*c + 15, 40 = 3*c + 5*r. Suppose -6*a + c*a + 12 = 0. What is the highest common factor of 36 and a?
12
Let i(o) = -27*o - 11. Let x be i(-2). What is the highest common divisor of x and 129?
43
Let v be (-6)/(3 + (-2)/((-4)/(-9))). Suppose -3*h + 37 = i, -v*i - 20 = -4*h + 24. Calculate the highest common factor of h and 108.
12
Let l be 1536/14 - (-7 - 188/(-28)). Let j = -80 + l. What is the highest common divisor of j and 10?
10
Suppose 4*x = 67 + 113. Calculate the highest common factor of 330 and x.
15
Let f be (73 - 44) + 1 + 6. What is the greatest common factor of f and 180?
36
Let m(t) = t**3 + 2*t**2 - 18*t - 22. Let x be m(-4). Suppose 0 = 4*v + 4, a + 4*v + 22 = 2*a. Calculate the greatest common factor of a and x.
18
Let u(h) = 10*h - 43. Let i be u(6). Let m be (1 - 143) + (10 - 7). Let x = m + 258. Calculate the greatest common divisor of x and i.
17
Let n be (94/(-235))/(1/(-15)). Calculate the greatest common factor of 147 and n.
3
Let p be ((-24)/(-10))/(32/16720). Let w be (14/(-21))/((-4)/p). What is the greatest common divisor of w and 19?
19
Suppose -3844*t = -3849*t + 10810. What is the highest common factor of 94 and t?
94
Suppose 0 = -33*d - 15*d + 7056. What is the greatest common divisor of d and 189?
21
Let f be (-785)/(-25) - 6/(-10). Suppose -5*r + 58 = -f. Calculate the greatest common divisor of 198 and r.
18
Let r(s) be the third derivative of -1/60*s**5 + 14*s**2 + 0*s + 8/3*s**3 + 19/24*s**4 + 0. Let u be r(19). Calculate the greatest common factor of u and 80.
16
Suppose -2*r = 4 - 12. Let v(m) = 9 + r*m + 2*m + 0*m + m**2 - m. Let c be v(-8). Calculate the greatest common divisor of c and 3.
3
Let a = -95 - -96. Let z be (a/(-3))/((-5)/375) - -1. Calculate the highest common divisor of 39 and z.
13
Suppose m = 2*z - 3, -7*m + 2*m + 3*z + 13 = 0. Let r = 14 + -9. Calculate the highest common factor of r and m.
5
Let s = -335 - -392. Calculate the greatest common factor of s and 190.
19
Let w = -9 - -15. Suppose s - w = -2*s. Suppose 3*a = -s*a + 60. Calculate the highest common factor of a and 48.
12
Suppose 0 = q - 3, -t + q + 20 = 4*q. Suppose 9*u - t*u = -400. What is the greatest common divisor of u and 80?
40
Let g be (632 + -7)*(-7)/(35/(-8)). What is the highest common factor of 8 and g?
8
Suppose 473*l - 469*l - 88 = 0. Let f be (-2)/(-7) + 75/7. What is the greatest common divisor of f and l?
11
Let a(p) = -p**3 - 8*p**2 + 3*p + 27. Let h(l) = -9*l + 37. Let y be h(5). Let w be a(y). What is the greatest common factor of 12 and w?
3
Let i be (-32)/(-60)*3*5. What is the highest common factor of 272 and i?
8
Let w(g) = -12*g - 6. Suppose 2*q + 17 = -q - 2*b, -2*q - 5*b = 15. Let y be w(q). Let p = -224 + 242. Calculate the highest common factor of y and p.
18
Let y = 1651 + -947. Calculate the highest common divisor of y and 32.
32
Let a = 126 + 4. What is the highest common divisor of 10 and a?
10
Let g(r) = r**2 + 9*r + 4. Let j be g(-9). Suppose -2*f - 264 = -j*f. Let u(s) = s**2 + s. Let q be u(-4). Calculate the highest common divisor of f and q.
12
Let